 + 4362 = -1908. Suppose 4*b - 2*w - f = 179, -w = -3*b + 607. What is the highest common divisor of b and 34?
34
Let n be ((-42)/(-4))/(3/56). Let s(m) = -285*m - 257. Let k be s(-1). What is the greatest common factor of k and n?
28
Suppose 3*o + 2*o = 25. Let x be (4/o)/((-1)/(-10)). Let t(h) = 3*h**3 + 61*h**2 - 51*h - 181. Let k be t(-21). What is the greatest common divisor of x and k?
8
Let q(i) = i**2 - 2*i + 6. Let v be q(9). Suppose 1248*t - 1219 + 5083 = 1290*t. What is the highest common divisor of t and v?
23
Let g(s) = 505*s + 622. Let h be g(-1). Calculate the highest common factor of h and 1261.
13
Let t = -2153 - -2210. Calculate the greatest common divisor of 589 and t.
19
Suppose -3*x = x, 5*r - 3*x = 35. Let w = 28 + -23. Suppose -13*t + 336 = -w*t. Calculate the highest common factor of t and r.
7
Let h(k) = 4*k**3 + 5*k**2 - 8*k + 1. Let l(s) = s**3 + s - 1. Let v(u) = -h(u) + 5*l(u). Let a be v(4). Calculate the greatest common factor of a and 50.
10
Suppose 247*x - 7117 = 18571. What is the greatest common factor of 25376 and x?
104
Let n be (2 - 45/(-10)*2/(-6))*8876. Calculate the greatest common divisor of n and 14.
14
Suppose -5640 - 6965 = -33*s + 9373. What is the greatest common factor of s and 592?
74
Let l be (0 - -4)*((-6)/12*-94 - -7). What is the highest common divisor of l and 384?
24
Let z = -5510 + 5689. What is the highest common divisor of 7 and z?
1
Suppose 3*r = -2*t + 2*r + 602, -4*t + 1196 = 4*r. Let f = t + -298. Let s be ((-45)/(-4))/(2/8). What is the highest common factor of s and f?
5
Suppose -3*z + 4*z - 4*k + 218 = 0, 2*z + 456 = 3*k. Let l = -90 - z. Calculate the highest common divisor of l and 6.
6
Suppose 575 = 5*d + 5*q, -296 = -3*d - 20*q + 24*q. Calculate the highest common divisor of d and 12.
12
Suppose -3*t - 9 = 0, -5*i - 2*t - 31262 + 82306 = 0. Calculate the highest common factor of i and 20.
10
Let i = -7695 - -9647. Calculate the highest common factor of 128 and i.
32
Let p = 2394 - 2370. What is the highest common divisor of p and 136?
8
Let p(o) = -7*o**3 - 47*o**2 + 11*o + 5. Let s be p(-7). What is the greatest common factor of s and 4979?
13
Let k be ((-4662)/814)/(3/(-33)). Calculate the greatest common factor of 3087 and k.
63
Suppose 3*b - 3*n + 139 - 922 = 0, -2*n + 763 = 3*b. Suppose 0 = -3*v - h - 338, -2*h = -2 + 6. Let l = v + b. Calculate the highest common divisor of l and 58.
29
Suppose -11*w = 1951 - 5944. What is the greatest common divisor of w and 495?
33
Let r = -41620 + 41660. Let y = 69 - 4. What is the highest common divisor of r and y?
5
Suppose 67*y + 104 = 15*y. Let n be y/(-20) + (-209)/(-110). Calculate the greatest common divisor of n and 124.
2
Suppose 5 = 4*o - k, 4*k = 32*o - 36*o. Calculate the greatest common divisor of o and 901.
1
Suppose 3*z - 10 - 31 = -b, -5*b - 3*z + 145 = 0. Suppose -4*l = 4*s + 112, 0*l = -s + 5*l - 46. Let a = s + 57. Calculate the highest common factor of a and b.
26
Suppose 0 = x - r - 2209, 33*x - 32*x = -4*r + 2204. What is the highest common divisor of 168 and x?
24
Let x be 1 - -17 - 51/17. Let p = 600 - -570. What is the highest common divisor of x and p?
15
Let j be ((-1408)/(-160))/(3*2/15). Let r(l) = -l + 3. Let k be r(9). Let b be 2*(-1)/(k/33). Calculate the highest common factor of b and j.
11
Let a(t) = -38*t + 3. Let x be a(-4). Suppose 0 = 4*u - 6*g + 3*g - x, 2*g + 2 = 0. What is the highest common factor of u and 19?
19
Let p(c) = c**2 - 2*c - 4. Let z be p(-5). Suppose -2*j + 161*w = 158*w - 874, 3*j = w + 1304. Calculate the highest common divisor of j and z.
31
Suppose -190 = 4*t - 15*t - 168. What is the highest common factor of t and 1418?
2
Suppose -2*z - a - 82 = 0, -z - 4*a = 2*z + 128. Let f be 81/4 + 10/z. Calculate the greatest common factor of 720 and f.
20
Let j(y) = y**2 - 108*y + 2263. Let l be j(27). Calculate the highest common divisor of l and 344.
4
Suppose 0 = s + 234 - 379 - 317. Let o be ((-154)/35)/(2/(-10)). What is the highest common divisor of s and o?
22
Let c = 4643 + -4208. What is the greatest common factor of 1160 and c?
145
Let t be 2110/(-110) + (-8)/(-44). Let x = 61 - t. Let c = 0 - -10. What is the greatest common factor of c and x?
10
Let z be 6/(-5) + 27284/1795. Calculate the highest common divisor of 1946 and z.
14
Suppose -v + 6*v - 55 = 0. Let n = 25 - v. Suppose 4*m = 1661*q - 1659*q + 208, 208 = 3*m + 5*q. What is the highest common factor of m and n?
14
Suppose 1950 = -10*s + 20*s. Let i = -171 + s. Calculate the greatest common divisor of 3 and i.
3
Let f be (-2)/(4/24*-3). Suppose -7*h + 2*h = -10. Suppose n - 46 = 5*o, -f*n + 2*n = h*o - 68. What is the greatest common divisor of n and 9?
9
Let x(o) = o**3 - 20*o**2 - 22*o + 25. Let c be x(21). Suppose z + 67 = c*h, -2*h + 2 = 4*z - 54. Calculate the highest common divisor of h and 48.
6
Let t = -3055 + 14647. What is the highest common divisor of 252 and t?
252
Let f(g) = 2*g**3 - 7*g**2 - 7*g + 68. Let a be f(4). Calculate the greatest common divisor of a and 70.
14
Let t = -32 - -20. Let f = t - -1. Let k = f - -22. Calculate the highest common factor of k and 99.
11
Let p be 3/2 - 5/((-100)/(-170)). Let f be (-1756)/p + 60/(-70). Calculate the greatest common divisor of 10 and f.
10
Let h = -11 + 20. Suppose 297 = -2*n + 315. Calculate the highest common factor of h and n.
9
Let i(y) = y**3 + 44*y**2 - 99*y + 107. Let x be i(-46). Calculate the highest common divisor of x and 624.
39
Let a be (-1587)/(-9) - 18/(-27). Suppose -a = -q - 137. What is the greatest common factor of q and 340?
20
Suppose -5*v - 1 = 124. Let c be (-4)/(-10) - 365/v. Suppose -4*o = -2*g + 68, -6*o = -7*o - 2. What is the greatest common divisor of g and c?
15
Let g = 198 - 79. Let z be 14/49 - 4/14. Suppose -f - 3 + 20 = z. What is the greatest common factor of g and f?
17
Let w(v) = -50*v + 736. Let c be w(2). Suppose 0 = 4*g - 53 + 5. Calculate the highest common factor of g and c.
12
Suppose -4*z = -12, 3*z = -2*b + 1952 + 237. Suppose 0 = 4*q - 2*q - m - b, 2*m - 1628 = -3*q. What is the greatest common factor of q and 32?
32
Let d(t) = -t**2 - 53*t - 396. Let h be d(-31). Calculate the highest common factor of h and 132.
22
Let m = 32 + -29. Suppose -5*k + m*g = -190, -5*g - 5 = -30. What is the greatest common divisor of 779 and k?
41
Let v be 2*(1 + 7 + 243/6 + -3). Calculate the highest common divisor of 371 and v.
7
Let x = -78 + -12. Let t be (-542)/(-26) - x/585. Calculate the highest common divisor of t and 42.
21
Suppose 22*n = 9*n + 1170. Suppose -2*w = -4*w + n. Suppose 4*i - 2*c = 66, -i + 0*c = 3*c - 6. Calculate the greatest common divisor of i and w.
15
Suppose i = 5, -5*i = 4*c - 2796 - 505. Suppose 0 = -a + c - 199. What is the greatest common divisor of a and 5?
5
Let c = 3 + 10. Suppose -s = -5, -j - 18 = 3*s - 7*s. Let t be (j/3)/(3/468). What is the highest common divisor of t and c?
13
Suppose 2*s = 245 + 381. Suppose -w + u + s = 0, -2*w + 0*u - 2*u + 634 = 0. Calculate the greatest common divisor of w and 5.
5
Let a(n) = -23*n + 5. Let o = -10 + -7. Let q be a(o). Let j = 512 - 476. Calculate the greatest common divisor of q and j.
36
Let c = 128 + 194. Let v be (-56)/21*(-339)/(-4). Let g = v + c. What is the greatest common factor of g and 32?
32
Let k = 13 - -113. Let n(u) = 2*u**3 - 5*u**2 - 22*u + 69. Let i be n(5). Calculate the greatest common factor of i and k.
42
Let y(x) = x**3 - 2*x**2 - 6*x + 26. Let k be y(0). What is the greatest common factor of k and 1703?
13
Suppose 46 = -v + 53. Suppose -v = -4*b + 73. Calculate the greatest common divisor of b and 5.
5
Let b = -449 + 454. Suppose -87 = -o + 4*h, -88 = -3*o - b*h + 88. What is the highest common factor of 938 and o?
67
Let q(r) = 71*r - 435. Let u be q(13). Calculate the greatest common divisor of u and 1342.
122
Suppose -3*n = v - 261 - 5646, 5901 = 3*n - v. Let r be -4 - (2/3*-6 - 123). Calculate the greatest common divisor of r and n.
123
Suppose 9*t - 1188 = 8*t - 4*z, -1213 = -t + z. What is the greatest common divisor of t and 40?
8
Let h = -44 - -45. Let g be (-1 + h + (-3)/(-6))*16. Let b be g/2 - (-2 + 66)/(-2). What is the highest common factor of 54 and b?
18
Let j(w) = -4*w - 6. Let x be j(-5). Let u be (-552)/